reds digit of h?
0
Suppose 20 = b - 0*j + 4*j, 5*b + j - 176 = 0. Suppose -20*a + 19*a + 5 = 0. Suppose 2*f + 0*f = -2*g + b, -3*g = a*f - 82. What is the tens digit of f?
1
Suppose -166*h - 24 = -172*h. What is the hundreds digit of (523 - (h - 0)) + 8/(-2)?
5
Suppose -2*l = -4*g + 254, 2*l + g + 149 = -90. Let u = -298 + 475. Let y = u + l. What is the tens digit of y?
5
Suppose 5*j = -4*p + j + 27484, -j = 4*p - 27484. What is the units digit of p?
1
What is the hundreds digit of (3 + 3 + -5)/((-3)/(-3465))?
1
Suppose -32286 = -5*h + 4*w, -34*h + w = -39*h + 32291. What is the hundreds digit of h?
4
Let v = 48 + -80. What is the thousands digit of ((-11008)/(-12))/(v/(-48))?
1
Suppose -16*k = -14*k + 634. Let g = -157 - k. What is the tens digit of g?
6
What is the tens digit of (-8649)/(-1) - (16 + (8 - 28))?
5
Let v = -121 + 142. Suppose v*d = 1755 - 12. What is the tens digit of d?
8
Let i = 86 + -84. What is the hundreds digit of i + (-1 - 7) + 299?
2
Let i(h) = 567*h**3 - 9*h**2 + 43*h - 14. What is the tens digit of i(4)?
0
Suppose 3*f - 127 = -4*i - 23, 0 = 3*f - 12. Let n(w) = -w**3 + 4*w**2 - 46*w + 13. Let t be n(i). What is the tens digit of t/(-57) + 2/6?
9
Let y(u) = u**3 + 11*u**2 + 11*u + 13. Suppose 14*l + 145 = 19*l. Suppose 2*g = 3*n + 6*g + l, -2*g = 5*n + 39. What is the tens digit of y(n)?
3
Suppose 18*v = 25 + 137. Suppose 0 = v*c - 668 - 592. What is the units digit of c?
0
Let v(q) be the third derivative of 0 + 1/6*q**4 + 0*q + 1/6*q**5 - 12*q**2 - 1/2*q**3. What is the units digit of v(3)?
9
Let a be 1192/56 + (-2)/7. Suppose -4*b = -b + a. What is the units digit of (108/14)/((5/(-5))/b)?
4
Let n = 5501 + -3833. What is the tens digit of n?
6
Let j be ((-18)/(-24))/((-1)/(8/2)). Let t(x) = -x**3 - 3*x**2 + 3*x + 1. Let c be t(j). What is the tens digit of (-32 + c)*(1 + (-7)/5)?
1
Let m(b) = -145*b + 1180. What is the hundreds digit of m(-50)?
4
Suppose -3*p + 162 = 3*l + 15, 3*l + 5*p - 139 = 0. Let x = l - -430. What is the units digit of x?
3
Let p = -5135 - -10783. What is the hundreds digit of p?
6
Let g(j) = -900*j - 68. What is the units digit of g(-6)?
2
What is the tens digit of 1872000/42 - 51/119?
7
Suppose -21*x - 5*x - 11*x = -219040. What is the units digit of x?
0
Suppose 2*g + 436 = k, -4*g - 661 = 3*k + 211. Let x = g + 407. What is the units digit of x?
9
Let i = -167 + 169. Suppose -4*b + 3361 = -1755. Suppose -5*z + 173 = t - b, 0 = i*z - 3*t - 574. What is the hundreds digit of z?
2
Let r = 2031 + -940. Suppose -1096*s = -r*s - 8310. What is the tens digit of s?
6
Let r = -62 + 59. Let w be (-4 - -215) + (1 - r). Suppose -2*b - 2*b + w = 3*k, 5*b - 141 = -2*k. What is the tens digit of k?
7
Suppose -5*q = -5*l + 45, l = -10*q + 5*q - 33. What is the hundreds digit of (-6)/1 - (q + -1660)?
6
What is the tens digit of 4095 - (-29)/((-261)/135)?
8
Suppose 23*m - 15 = 18*m. Suppose 2*d - 12 = -d, 0 = -m*c + d + 1352. Suppose 3*p = -15, -p + c = 3*b + 4*p. What is the hundreds digit of b?
1
Let i = 1329 + -429. What is the units digit of i?
0
Suppose 8*l = 2218 + 2966. Let s = 874 - l. What is the tens digit of s?
2
Suppose -267314 = -59*h + 36241. What is the tens digit of h?
4
Let f = 21 - 64. Let h be (4 - 5) + 4 - f. What is the tens digit of (-8)/8 + h + 2?
4
Let f = -1642 - -1636. Suppose 3*v + 6 = 66. What is the units digit of (30/v)/(f/(-356))?
9
Let v = -31 + 20. Let d be (-60)/(-48) + (-802)/8. Let s = v - d. What is the units digit of s?
8
Let y = 281 - 279. Suppose y*q - 1061 = -5*s, 9*s - 5*q = 4*s + 1040. What is the units digit of s?
1
Suppose -4*m = -26*m + 6600. Let d = 1156 + m. What is the thousands digit of d?
1
Let c(z) = -50*z**2 + 10*z + 1. Let l be c(-2). Let y = 242 + l. What is the tens digit of y?
2
What is the hundreds digit of 498*9/(-81)*-72?
9
Let r = 127 + -130. Let m be 0 - 7 - r - -466. Suppose 5*s - 703 - m = 0. What is the hundreds digit of s?
2
Suppose 0 = -g - 0*g + 809. Suppose 4*l - 2*j = 338 + 314, 5*l - g = 4*j. What is the units digit of 6/(-5*(-6)/l)?
3
What is the thousands digit of (-2 - -1)*(-13790340)/345?
9
Let g(v) = 7*v**2 - 36*v - 27. Let z be g(13). Suppose -4*j + z = 3*x, 5*x + 5*j = -0*j + 1140. What is the hundreds digit of x?
2
Let h(q) = q + 5. Let a(r) = 2*r**2 + 4*r - 57. Let m(p) = a(p) + h(p). What is the units digit of m(23)?
1
Suppose 3*y = 5*s + 3141, 110*s = 3*y + 112*s - 3162. What is the thousands digit of y?
1
Let j(u) be the third derivative of 1/60*u**5 + 13/6*u**3 + 0 - 26*u**2 + 0*u + 1/24*u**4. What is the units digit of j(8)?
5
What is the thousands digit of ((-225210)/6)/(-5)*(-10 + 11)?
7
Suppose 122*y - 133*y = -34760. Suppose 3*f + r + 543 = y, 2*f - 1736 = -5*r. What is the tens digit of f?
7
Let s(p) = p**3 + 0 + 40*p + 14 + 10 - 3 - 35*p**2. What is the tens digit of s(34)?
2
Suppose 3*l + 2812 = 2*s, 0 = -2*l + 4*s - 1062 - 818. Let u = l + 2089. What is the thousands digit of u?
1
Suppose -3*n + 342 = 4*r - 82, 15 = -3*r. Let y be (-2)/9 - (-1634)/(-18). Let h = n + y. What is the tens digit of h?
5
Let g = 21 - 21. Suppose 2*k + 10 = 5*y, -3*y + 6 = -g*y + k. What is the tens digit of ((-4)/y - 0) + 160?
5
Suppose 0 = -389*m + 345*m + 3354604. What is the thousands digit of m?
6
Suppose 9*w - 3477 = 6612. What is the thousands digit of w?
1
Let r(z) = -3*z - 54. Let q be r(-32). Let j = 61 - q. What is the units digit of j?
9
Suppose -2*f + 144 = -6*f. Let k = 98 + f. What is the units digit of k/4 + (-6)/(-12)?
6
Let v = -68 - -80. What is the units digit of (-16175)/(-20) - 1*(-3)/v?
9
Let p(n) = 5*n**3 - 1. Let t be p(1). Let v = 422 - 149. Suppose 5*y = 2*c - 432, -3*c - t*y + 352 = -v. What is the hundreds digit of c?
2
Suppose 9183 = 5*c + 2*p - 737, -3*c - 3*p = -5943. What is the hundreds digit of c?
9
Let f(s) = -s**2 + 7*s + 26. Let u be f(-2). Let b(g) = -7*g**2 + 17*g - 3 - 6 + 2*g**3 - g**3. What is the hundreds digit of b(u)?
1
Suppose 0 = -2*o - 4*u - 1122, 0 = 5*o - 3*u + 1305 + 1461. Let c = -76 - o. What is the units digit of c?
9
Suppose 6*t - 8*t = 43*t - 210420. What is the units digit of t?
6
Suppose z = -4*h + 22927, -3*h + 2840 = -2*z - 14358. What is the hundreds digit of h?
7
Let l(y) = -y**3 - y**2 + 1. Let u be l(-2). Suppose -u*n = -4*h - 668, 3*n + h - 390 = -2*h. What is the hundreds digit of n?
1
Let m(v) = -46*v**3 - 2*v**2 - 2*v + 9. Let u(n) = -45*n**3 - 2*n**2 - 2*n + 11. Let j(c) = 6*m(c) - 5*u(c). What is the tens digit of j(-2)?
0
Let j = 458 - 971. Let a = j + 300. What is the tens digit of a/(9/(-4 + 1))?
7
Let o(t) = 18110*t + 107. What is the tens digit of o(1)?
1
Let x = -19708 + 28748. What is the thousands digit of x?
9
Let v = -22 - -33. Let c(h) = -5*h - 22. Let t be c(-5). Suppose 0 = -t*n - v + 50. What is the tens digit of n?
1
Let u(y) = -4*y**3 - 16*y**2 - 6*y + 10. Let o(x) = -3*x**2 + 20*x - 31. Let s be o(5). What is the tens digit of u(s)?
3
Let r(d) = -3*d**2 - 6*d - 27. Let t be r(-3). What is the units digit of (-63)/t - 3267/(-12)?
4
Suppose -3*b - 3*b = -1260. Suppose -x - x + 4*w - b = 0, -x + w = 108. What is the tens digit of (x + 1)*6/(-12)?
5
Suppose -2*z + 34 = 4*w, -2*z = -3*w + 17 + 5. Suppose w*v = v + 140. What is the units digit of (-3 - v)/((-1)/4)?
2
Let b = 18 + -17. Let u be b/10 - (-87)/30. Suppose 0 = -n - 2*z + 6, 0*z + 6 = u*z. What is the units digit of n?
2
Let v be (-6)/(-9) + 12/9. Suppose v*k - 3*t = 541, -4*k + k + 2*t = -804. What is the tens digit of k?
6
Suppose -17*z + 840 = 4*z. Suppose 18*i = 8*i + z. Suppose 4*v + 4*c - 41 - 67 = 0, 3*v = -i*c + 78. What is the tens digit of v?
3
Let m = -14 - 100. Let g = -86 - m. What is the units digit of g?
8
Suppose -2*d = 6, 4*n = -3*d + d - 74. What is the units digit of 2/n - (-40726)/238?
1
Let c = -122 + 124. Suppose 4*r = -3*n + 182, -c*n + 6*n = 4*r + 252. What is the units digit of n?
2
Suppose 0 = -6*r - 162 + 5442. What is the tens digit of r?
8
Let k = 1180 + 592. Suppose k + 398 = 7*v. What is the hundreds digit of v?
3
Let v = 4444 - 4452. Let y(q) = -4*q**3 + 6*q**2 + 2. Let t(b) = -3*b**3 + 6*b**2 + 3. Let o(l) = -5*t(l) + 4*y(l). What is the hundreds digit of o(v)?
1
Suppose 5*h + 29298 = 4*z, -z + 3*h + 5938 + 1397 = 0. What is the hundreds digit of z?
3
Let q =